{"id":891,"date":"2021-09-19T12:54:20","date_gmt":"2021-09-19T12:54:20","guid":{"rendered":"https:\/\/bogaziciolimpikyuzme.org\/?page_id=891"},"modified":"2021-09-19T12:54:20","modified_gmt":"2021-09-19T12:54:20","slug":"2021-foto-galeri","status":"publish","type":"page","link":"https:\/\/bogaziciolimpikyuzme.org\/?page_id=891","title":{"rendered":"2021 Foto Galeri"},"content":{"rendered":"\n<h2 class=\"wp-block-heading\">A\u015fa\u011f\u0131daki linkten yar\u0131\u015f ile ilgili g\u00f6rsellere ula\u015fabilirsiniz.<\/h2>\n\n\n\n<p><\/p>\n\n\n\n<p><a href=\"https:\/\/photos.app.goo.gl\/Xp4wMTGxNEvi3szeA\">https:\/\/photos.app.goo.gl\/Xp4wMTGxNEvi3szeA<\/a><\/p>\n","protected":false},"excerpt":{"rendered":"<p>A\u015fa\u011f\u0131daki linkten yar\u0131\u015f ile ilgili g\u00f6rsellere ula\u015fabilirsiniz. https:\/\/photos.app.goo.gl\/Xp4wMTGxNEvi3szeA<\/p>\n","protected":false},"author":1,"featured_media":0,"parent":0,"menu_order":0,"comment_status":"closed","ping_status":"closed","template":"","meta":{"footnotes":""},"class_list":["post-891","page","type-page","status-publish","hentry"],"_links":{"self":[{"href":"https:\/\/bogaziciolimpikyuzme.org\/index.php?rest_route=\/wp\/v2\/pages\/891","targetHints":{"allow":["GET"]}}],"collection":[{"href":"https:\/\/bogaziciolimpikyuzme.org\/index.php?rest_route=\/wp\/v2\/pages"}],"about":[{"href":"https:\/\/bogaziciolimpikyuzme.org\/index.php?rest_route=\/wp\/v2\/types\/page"}],"author":[{"embeddable":true,"href":"https:\/\/bogaziciolimpikyuzme.org\/index.php?rest_route=\/wp\/v2\/users\/1"}],"replies":[{"embeddable":true,"href":"https:\/\/bogaziciolimpikyuzme.org\/index.php?rest_route=%2Fwp%2Fv2%2Fcomments&post=891"}],"version-history":[{"count":0,"href":"https:\/\/bogaziciolimpikyuzme.org\/index.php?rest_route=\/wp\/v2\/pages\/891\/revisions"}],"wp:attachment":[{"href":"https:\/\/bogaziciolimpikyuzme.org\/index.php?rest_route=%2Fwp%2Fv2%2Fmedia&parent=891"}],"curies":[{"name":"wp","href":"https:\/\/api.w.org\/{rel}","templated":true}]}}