{"id":885,"date":"2021-09-19T11:49:25","date_gmt":"2021-09-19T11:49:25","guid":{"rendered":"https:\/\/bogaziciolimpikyuzme.org\/?page_id=885"},"modified":"2021-09-19T11:49:25","modified_gmt":"2021-09-19T11:49:25","slug":"2021-yili-yaris-sonuclari","status":"publish","type":"page","link":"https:\/\/bogaziciolimpikyuzme.org\/?page_id=885","title":{"rendered":"2021 Y\u0131l\u0131 Yar\u0131\u015f Sonu\u00e7lar\u0131"},"content":{"rendered":"\n<div data-wp-interactive=\"core\/file\" class=\"wp-block-file\"><object data-wp-bind--hidden=\"!state.hasPdfPreview\" hidden class=\"wp-block-file__embed\" data=\"https:\/\/bogaziciolimpikyuzme.org\/wp-content\/uploads\/2021\/09\/Erkek-Sonuc.pdf\" type=\"application\/pdf\" style=\"width:100%;height:600px\" aria-label=\"Erkek-Sonuc g\u00f6m\u00fcs\u00fc. g\u00f6m\u00fcs\u00fc.\"><\/object><a href=\"https:\/\/bogaziciolimpikyuzme.org\/wp-content\/uploads\/2021\/09\/Erkek-Sonuc.pdf\">Erkek-Sonuc<\/a><a href=\"https:\/\/bogaziciolimpikyuzme.org\/wp-content\/uploads\/2021\/09\/Erkek-Sonuc.pdf\" class=\"wp-block-file__button\" download>\u0130ndir<\/a><\/div>\n\n\n\n<div data-wp-interactive=\"core\/file\" class=\"wp-block-file\"><object data-wp-bind--hidden=\"!state.hasPdfPreview\" hidden class=\"wp-block-file__embed\" data=\"https:\/\/bogaziciolimpikyuzme.org\/wp-content\/uploads\/2021\/09\/Bayan-Sonuc.pdf\" type=\"application\/pdf\" style=\"width:100%;height:600px\" aria-label=\"Bayan-Sonuc g\u00f6m\u00fcs\u00fc. g\u00f6m\u00fcs\u00fc.\"><\/object><a href=\"https:\/\/bogaziciolimpikyuzme.org\/wp-content\/uploads\/2021\/09\/Bayan-Sonuc.pdf\">Bayan-Sonuc<\/a><a href=\"https:\/\/bogaziciolimpikyuzme.org\/wp-content\/uploads\/2021\/09\/Bayan-Sonuc.pdf\" class=\"wp-block-file__button\" download>\u0130ndir<\/a><\/div>\n","protected":false},"excerpt":{"rendered":"","protected":false},"author":1,"featured_media":0,"parent":0,"menu_order":0,"comment_status":"closed","ping_status":"closed","template":"","meta":{"footnotes":""},"class_list":["post-885","page","type-page","status-publish","hentry"],"_links":{"self":[{"href":"https:\/\/bogaziciolimpikyuzme.org\/index.php?rest_route=\/wp\/v2\/pages\/885","targetHints":{"allow":["GET"]}}],"collection":[{"href":"https:\/\/bogaziciolimpikyuzme.org\/index.php?rest_route=\/wp\/v2\/pages"}],"about":[{"href":"https:\/\/bogaziciolimpikyuzme.org\/index.php?rest_route=\/wp\/v2\/types\/page"}],"author":[{"embeddable":true,"href":"https:\/\/bogaziciolimpikyuzme.org\/index.php?rest_route=\/wp\/v2\/users\/1"}],"replies":[{"embeddable":true,"href":"https:\/\/bogaziciolimpikyuzme.org\/index.php?rest_route=%2Fwp%2Fv2%2Fcomments&post=885"}],"version-history":[{"count":0,"href":"https:\/\/bogaziciolimpikyuzme.org\/index.php?rest_route=\/wp\/v2\/pages\/885\/revisions"}],"wp:attachment":[{"href":"https:\/\/bogaziciolimpikyuzme.org\/index.php?rest_route=%2Fwp%2Fv2%2Fmedia&parent=885"}],"curies":[{"name":"wp","href":"https:\/\/api.w.org\/{rel}","templated":true}]}}