{"id":2103,"date":"2026-05-13T15:39:19","date_gmt":"2026-05-13T15:39:19","guid":{"rendered":"https:\/\/bogaziciolimpikyuzme.org\/?page_id=2103"},"modified":"2026-05-13T15:39:19","modified_gmt":"2026-05-13T15:39:19","slug":"2026-buyukcekmece-reglaman","status":"publish","type":"page","link":"https:\/\/bogaziciolimpikyuzme.org\/?page_id=2103","title":{"rendered":"2026 B\u00fcy\u00fck\u00e7ekmece Reglaman"},"content":{"rendered":"\n<div data-wp-interactive=\"core\/file\" class=\"wp-block-file\"><object data-wp-bind--hidden=\"!state.hasPdfPreview\" hidden class=\"wp-block-file__embed\" data=\"https:\/\/bogaziciolimpikyuzme.org\/wp-content\/uploads\/2026\/05\/B.CEKMECE-2026-REGLAMAN-EDIT.pdf\" type=\"application\/pdf\" style=\"width:100%;height:600px\" aria-label=\"B.\u00c7EKMECE 2026 REGLAMAN ED\u0130T g\u00f6m\u00fcs\u00fc.\"><\/object><a id=\"wp-block-file--media-de6144d1-a60f-4fb9-8ed4-f7661f079c70\" href=\"https:\/\/bogaziciolimpikyuzme.org\/wp-content\/uploads\/2026\/05\/B.CEKMECE-2026-REGLAMAN-EDIT.pdf\">B.\u00c7EKMECE 2026 REGLAMAN ED\u0130T<\/a><a href=\"https:\/\/bogaziciolimpikyuzme.org\/wp-content\/uploads\/2026\/05\/B.CEKMECE-2026-REGLAMAN-EDIT.pdf\" class=\"wp-block-file__button wp-element-button\" download aria-describedby=\"wp-block-file--media-de6144d1-a60f-4fb9-8ed4-f7661f079c70\">\u0130ndir<\/a><\/div>\n","protected":false},"excerpt":{"rendered":"","protected":false},"author":1,"featured_media":0,"parent":0,"menu_order":0,"comment_status":"closed","ping_status":"closed","template":"","meta":{"footnotes":""},"class_list":["post-2103","page","type-page","status-publish","hentry"],"_links":{"self":[{"href":"https:\/\/bogaziciolimpikyuzme.org\/index.php?rest_route=\/wp\/v2\/pages\/2103","targetHints":{"allow":["GET"]}}],"collection":[{"href":"https:\/\/bogaziciolimpikyuzme.org\/index.php?rest_route=\/wp\/v2\/pages"}],"about":[{"href":"https:\/\/bogaziciolimpikyuzme.org\/index.php?rest_route=\/wp\/v2\/types\/page"}],"author":[{"embeddable":true,"href":"https:\/\/bogaziciolimpikyuzme.org\/index.php?rest_route=\/wp\/v2\/users\/1"}],"replies":[{"embeddable":true,"href":"https:\/\/bogaziciolimpikyuzme.org\/index.php?rest_route=%2Fwp%2Fv2%2Fcomments&post=2103"}],"version-history":[{"count":1,"href":"https:\/\/bogaziciolimpikyuzme.org\/index.php?rest_route=\/wp\/v2\/pages\/2103\/revisions"}],"predecessor-version":[{"id":2105,"href":"https:\/\/bogaziciolimpikyuzme.org\/index.php?rest_route=\/wp\/v2\/pages\/2103\/revisions\/2105"}],"wp:attachment":[{"href":"https:\/\/bogaziciolimpikyuzme.org\/index.php?rest_route=%2Fwp%2Fv2%2Fmedia&parent=2103"}],"curies":[{"name":"wp","href":"https:\/\/api.w.org\/{rel}","templated":true}]}}