{"id":1962,"date":"2025-05-22T16:33:20","date_gmt":"2025-05-22T16:33:20","guid":{"rendered":"https:\/\/bogaziciolimpikyuzme.org\/?page_id=1962"},"modified":"2025-05-22T16:33:20","modified_gmt":"2025-05-22T16:33:20","slug":"2025-gokceada-taahhutname","status":"publish","type":"page","link":"https:\/\/bogaziciolimpikyuzme.org\/?page_id=1962","title":{"rendered":"2025 G\u00f6k\u00e7eada Taahh\u00fctname"},"content":{"rendered":"\n<div data-wp-interactive=\"core\/file\" class=\"wp-block-file\"><object data-wp-bind--hidden=\"!state.hasPdfPreview\" hidden class=\"wp-block-file__embed\" data=\"https:\/\/bogaziciolimpikyuzme.org\/wp-content\/uploads\/2025\/05\/GOKCEADA-2025-TAAHHUTNAME.pdf\" type=\"application\/pdf\" style=\"width:100%;height:600px\" aria-label=\"G\u00d6K\u00c7EADA 2025 TAAHH\u00dcTNAME g\u00f6m\u00fcs\u00fc.\"><\/object><a id=\"wp-block-file--media-58c811ea-372d-4841-88f5-45cc935c0956\" href=\"https:\/\/bogaziciolimpikyuzme.org\/wp-content\/uploads\/2025\/05\/GOKCEADA-2025-TAAHHUTNAME.pdf\">G\u00d6K\u00c7EADA 2025 TAAHH\u00dcTNAME<\/a><a href=\"https:\/\/bogaziciolimpikyuzme.org\/wp-content\/uploads\/2025\/05\/GOKCEADA-2025-TAAHHUTNAME.pdf\" class=\"wp-block-file__button wp-element-button\" download aria-describedby=\"wp-block-file--media-58c811ea-372d-4841-88f5-45cc935c0956\">\u0130ndir<\/a><\/div>\n","protected":false},"excerpt":{"rendered":"","protected":false},"author":1,"featured_media":0,"parent":0,"menu_order":0,"comment_status":"closed","ping_status":"closed","template":"","meta":{"footnotes":""},"class_list":["post-1962","page","type-page","status-publish","hentry"],"_links":{"self":[{"href":"https:\/\/bogaziciolimpikyuzme.org\/index.php?rest_route=\/wp\/v2\/pages\/1962","targetHints":{"allow":["GET"]}}],"collection":[{"href":"https:\/\/bogaziciolimpikyuzme.org\/index.php?rest_route=\/wp\/v2\/pages"}],"about":[{"href":"https:\/\/bogaziciolimpikyuzme.org\/index.php?rest_route=\/wp\/v2\/types\/page"}],"author":[{"embeddable":true,"href":"https:\/\/bogaziciolimpikyuzme.org\/index.php?rest_route=\/wp\/v2\/users\/1"}],"replies":[{"embeddable":true,"href":"https:\/\/bogaziciolimpikyuzme.org\/index.php?rest_route=%2Fwp%2Fv2%2Fcomments&post=1962"}],"version-history":[{"count":1,"href":"https:\/\/bogaziciolimpikyuzme.org\/index.php?rest_route=\/wp\/v2\/pages\/1962\/revisions"}],"predecessor-version":[{"id":1964,"href":"https:\/\/bogaziciolimpikyuzme.org\/index.php?rest_route=\/wp\/v2\/pages\/1962\/revisions\/1964"}],"wp:attachment":[{"href":"https:\/\/bogaziciolimpikyuzme.org\/index.php?rest_route=%2Fwp%2Fv2%2Fmedia&parent=1962"}],"curies":[{"name":"wp","href":"https:\/\/api.w.org\/{rel}","templated":true}]}}