{"id":1804,"date":"2024-07-31T04:42:46","date_gmt":"2024-07-31T04:42:46","guid":{"rendered":"https:\/\/bogaziciolimpikyuzme.org\/?page_id=1804"},"modified":"2024-07-31T04:42:46","modified_gmt":"2024-07-31T04:42:46","slug":"2024-samatya-taahhutname","status":"publish","type":"page","link":"https:\/\/bogaziciolimpikyuzme.org\/?page_id=1804","title":{"rendered":"2024 Samatya Taahh\u00fctname"},"content":{"rendered":"\n<div data-wp-interactive=\"core\/file\" class=\"wp-block-file\"><object data-wp-bind--hidden=\"!state.hasPdfPreview\" hidden class=\"wp-block-file__embed\" data=\"https:\/\/bogaziciolimpikyuzme.org\/wp-content\/uploads\/2024\/07\/SAMATYA-2024-TAAHHUTNAME.pdf\" type=\"application\/pdf\" style=\"width:100%;height:600px\" aria-label=\"SAMATYA 2024 TAAHH\u00dcTNAME g\u00f6m\u00fcs\u00fc.\"><\/object><a id=\"wp-block-file--media-76977abf-f54f-48de-9693-4b7570307240\" href=\"https:\/\/bogaziciolimpikyuzme.org\/wp-content\/uploads\/2024\/07\/SAMATYA-2024-TAAHHUTNAME.pdf\">SAMATYA 2024 TAAHH\u00dcTNAME<\/a><a href=\"https:\/\/bogaziciolimpikyuzme.org\/wp-content\/uploads\/2024\/07\/SAMATYA-2024-TAAHHUTNAME.pdf\" class=\"wp-block-file__button wp-element-button\" download aria-describedby=\"wp-block-file--media-76977abf-f54f-48de-9693-4b7570307240\">\u0130ndir<\/a><\/div>\n","protected":false},"excerpt":{"rendered":"","protected":false},"author":1,"featured_media":0,"parent":0,"menu_order":0,"comment_status":"closed","ping_status":"closed","template":"","meta":{"footnotes":""},"class_list":["post-1804","page","type-page","status-publish","hentry"],"_links":{"self":[{"href":"https:\/\/bogaziciolimpikyuzme.org\/index.php?rest_route=\/wp\/v2\/pages\/1804","targetHints":{"allow":["GET"]}}],"collection":[{"href":"https:\/\/bogaziciolimpikyuzme.org\/index.php?rest_route=\/wp\/v2\/pages"}],"about":[{"href":"https:\/\/bogaziciolimpikyuzme.org\/index.php?rest_route=\/wp\/v2\/types\/page"}],"author":[{"embeddable":true,"href":"https:\/\/bogaziciolimpikyuzme.org\/index.php?rest_route=\/wp\/v2\/users\/1"}],"replies":[{"embeddable":true,"href":"https:\/\/bogaziciolimpikyuzme.org\/index.php?rest_route=%2Fwp%2Fv2%2Fcomments&post=1804"}],"version-history":[{"count":1,"href":"https:\/\/bogaziciolimpikyuzme.org\/index.php?rest_route=\/wp\/v2\/pages\/1804\/revisions"}],"predecessor-version":[{"id":1806,"href":"https:\/\/bogaziciolimpikyuzme.org\/index.php?rest_route=\/wp\/v2\/pages\/1804\/revisions\/1806"}],"wp:attachment":[{"href":"https:\/\/bogaziciolimpikyuzme.org\/index.php?rest_route=%2Fwp%2Fv2%2Fmedia&parent=1804"}],"curies":[{"name":"wp","href":"https:\/\/api.w.org\/{rel}","templated":true}]}}