{"id":1435,"date":"2023-07-13T08:53:06","date_gmt":"2023-07-13T08:53:06","guid":{"rendered":"https:\/\/bogaziciolimpikyuzme.org\/?page_id=1435"},"modified":"2024-05-18T17:44:45","modified_gmt":"2024-05-18T17:44:45","slug":"5-buyuk-cekmece-acik-su-yaris-fotograflari","status":"publish","type":"page","link":"https:\/\/bogaziciolimpikyuzme.org\/?page_id=1435","title":{"rendered":"2023 Yar\u0131\u015f Foto\u011fraflar\u0131"},"content":{"rendered":"\n<p><\/p>\n\n\n\n<p><a href=\"https:\/\/photos.app.goo.gl\/3cwDjVAHPQyvWkxD8\">https:\/\/photos.app.goo.gl\/3cwDjVAHPQyvWkxD8<\/a><\/p>\n\n\n\n<p><a href=\"https:\/\/photos.app.goo.gl\/vB48VyooFwRHJUAf9\">https:\/\/photos.app.goo.gl\/vB48VyooFwRHJUAf9<\/a><\/p>\n","protected":false},"excerpt":{"rendered":"<p>https:\/\/photos.app.goo.gl\/3cwDjVAHPQyvWkxD8 https:\/\/photos.app.goo.gl\/vB48VyooFwRHJUAf9<\/p>\n","protected":false},"author":1,"featured_media":0,"parent":0,"menu_order":0,"comment_status":"closed","ping_status":"closed","template":"","meta":{"footnotes":""},"class_list":["post-1435","page","type-page","status-publish","hentry"],"_links":{"self":[{"href":"https:\/\/bogaziciolimpikyuzme.org\/index.php?rest_route=\/wp\/v2\/pages\/1435","targetHints":{"allow":["GET"]}}],"collection":[{"href":"https:\/\/bogaziciolimpikyuzme.org\/index.php?rest_route=\/wp\/v2\/pages"}],"about":[{"href":"https:\/\/bogaziciolimpikyuzme.org\/index.php?rest_route=\/wp\/v2\/types\/page"}],"author":[{"embeddable":true,"href":"https:\/\/bogaziciolimpikyuzme.org\/index.php?rest_route=\/wp\/v2\/users\/1"}],"replies":[{"embeddable":true,"href":"https:\/\/bogaziciolimpikyuzme.org\/index.php?rest_route=%2Fwp%2Fv2%2Fcomments&post=1435"}],"version-history":[{"count":3,"href":"https:\/\/bogaziciolimpikyuzme.org\/index.php?rest_route=\/wp\/v2\/pages\/1435\/revisions"}],"predecessor-version":[{"id":1568,"href":"https:\/\/bogaziciolimpikyuzme.org\/index.php?rest_route=\/wp\/v2\/pages\/1435\/revisions\/1568"}],"wp:attachment":[{"href":"https:\/\/bogaziciolimpikyuzme.org\/index.php?rest_route=%2Fwp%2Fv2%2Fmedia&parent=1435"}],"curies":[{"name":"wp","href":"https:\/\/api.w.org\/{rel}","templated":true}]}}