{"id":1269,"date":"2022-07-24T12:43:18","date_gmt":"2022-07-24T12:43:18","guid":{"rendered":"https:\/\/bogaziciolimpikyuzme.org\/?page_id=1269"},"modified":"2022-07-24T12:43:18","modified_gmt":"2022-07-24T12:43:18","slug":"2022-foto-galeri","status":"publish","type":"page","link":"https:\/\/bogaziciolimpikyuzme.org\/?page_id=1269","title":{"rendered":"2022 Foto Galeri"},"content":{"rendered":"\n<p>A\u015fa\u011f\u0131daki linkten yar\u0131\u015f foto\u011fraflar\u0131na ula\u015fabilirsiniz. Yeni resimler elimize ula\u015ft\u0131\u011f\u0131nda buradan payla\u015faca\u011f\u0131z.<\/p>\n\n\n\n<p><a href=\"https:\/\/photos.app.goo.gl\/CYX3BMhPaDqzBUwQ6\">https:\/\/photos.app.goo.gl\/CYX3BMhPaDqzBUwQ6<\/a><\/p>\n","protected":false},"excerpt":{"rendered":"<p>A\u015fa\u011f\u0131daki linkten yar\u0131\u015f foto\u011fraflar\u0131na ula\u015fabilirsiniz. Yeni resimler elimize ula\u015ft\u0131\u011f\u0131nda buradan payla\u015faca\u011f\u0131z. https:\/\/photos.app.goo.gl\/CYX3BMhPaDqzBUwQ6<\/p>\n","protected":false},"author":1,"featured_media":0,"parent":0,"menu_order":0,"comment_status":"closed","ping_status":"closed","template":"","meta":{"footnotes":""},"class_list":["post-1269","page","type-page","status-publish","hentry"],"_links":{"self":[{"href":"https:\/\/bogaziciolimpikyuzme.org\/index.php?rest_route=\/wp\/v2\/pages\/1269","targetHints":{"allow":["GET"]}}],"collection":[{"href":"https:\/\/bogaziciolimpikyuzme.org\/index.php?rest_route=\/wp\/v2\/pages"}],"about":[{"href":"https:\/\/bogaziciolimpikyuzme.org\/index.php?rest_route=\/wp\/v2\/types\/page"}],"author":[{"embeddable":true,"href":"https:\/\/bogaziciolimpikyuzme.org\/index.php?rest_route=\/wp\/v2\/users\/1"}],"replies":[{"embeddable":true,"href":"https:\/\/bogaziciolimpikyuzme.org\/index.php?rest_route=%2Fwp%2Fv2%2Fcomments&post=1269"}],"version-history":[{"count":1,"href":"https:\/\/bogaziciolimpikyuzme.org\/index.php?rest_route=\/wp\/v2\/pages\/1269\/revisions"}],"predecessor-version":[{"id":1270,"href":"https:\/\/bogaziciolimpikyuzme.org\/index.php?rest_route=\/wp\/v2\/pages\/1269\/revisions\/1270"}],"wp:attachment":[{"href":"https:\/\/bogaziciolimpikyuzme.org\/index.php?rest_route=%2Fwp%2Fv2%2Fmedia&parent=1269"}],"curies":[{"name":"wp","href":"https:\/\/api.w.org\/{rel}","templated":true}]}}